value of -4 + (-2 - 20) - -15?
-11
-8 - (-15 + 2 - (43 - 44))
4
-14 + 14 - -23 - 1
22
What is the value of -89 + 66 - (-3 + 0)?
-20
Calculate 1 - (2 + 17 + -22).
4
Evaluate (-97 - -63) + 10 + 29.
5
2 + (-4 - (1 + -5 - (8 - 5)))
5
What is the value of 0 + 0 - (-564 + 551)?
13
(-3 - -12) + (-43 - -26)
-8
What is 27 + 2 - (-165 + 176)?
18
Evaluate 9 - (8 + -4) - 23.
-18
What is 7 - (13 - 29 - -21)?
2
What is 14 + (13 + 2 - 20)?
9
What is the value of -8 + (3 - (-14 - -9)) + -2 - 5?
-7
Calculate (-9 - 9) + 25 + -11.
-4
What is the value of 4 + (-3 + 7 - (-3 - -10)) + 0?
1
-21 + -4 + 14 + 2
-9
Evaluate (-33 - -52) + (2 - -1).
22
(-23 - 0) + (-16 - -33)
-6
Evaluate (-3 - -1) + -6 + 4 + (-3 - -10).
3
What is 13 + -6 + -6 + -4?
-3
What is the value of -11 + 18 + (2 - 14) + 6?
1
0 + -3 + -4 + -48 + 66
11
What is the value of 23 - ((8 - 10) + -2 + 12)?
15
Calculate 3 + -1 - 1 - (11 + -34).
24
What is the value of -5 - 0 - (10 - 38 - -22)?
1
What is the value of 17 + -12 - -4 - 2?
7
Evaluate 9 + 3 + -3 - 1.
8
Evaluate (27 - 21 - 12) + (1 - (-6 - -2)).
-1
Calculate (2 + (-6 - 0 - -3) - -8) + -6.
1
What is 1 + (-2 - -3) + -1 + (1 - 7)?
-5
Evaluate -8 + (14 - 1 - (-8 - (-9 + -1))).
3
Calculate (1 - (-4 - -10 - (9 - 1))) + -23.
-20
2 - 1 - -6 - (-39 + 47)
-1
Calculate 13 - (-11 + 9) - -7 - 10.
12
What is the value of -5 + -2 + -4 + 2 + 26?
17
-26 - (16 + -45) - ((0 - 1) + -14)
18
What is the value of -6 + 1 - (-243 - -234)?
4
(-2 - -3 - (-2 - (-4 + -1))) + -9
-11
What is -4 + 3 + 0 + 6 - -2 - 5?
2
What is -4 + (4 - 13) + -64 + 61?
-16
Evaluate 9 + -8 + 24 + -25 + 26 + 1.
27
What is 7 + -1 + -1 + -170 + 169?
4
What is the value of 17 + 14 + 2 + -33?
0
Calculate -33 - (-43 - -51 - 7).
-34
What is 7 + -5 + 8 + 0 + 15 + -17?
8
0 - (-12 + -5 + -3 - -10)
10
What is the value of 6 - (2 + -2 + -26 + 17 + 35)?
-20
Evaluate -5 - 4 - (4 - (9 + 10)).
6
What is (-11 - 0) + (9 - (-6 + 0))?
4
4 - -6 - (-4 + 10)
4
1 - (16 + 2 - 4) - (1 + 5)
-19
What is 12 - 4 - (-12 - (-1 - (-5 + 10)))?
14
Calculate -244 + 229 - (-7 - 0).
-8
What is the value of 121 + -133 + (3 - (-1 + -2))?
-6
What is the value of -48 + -1 - -25 - -11?
-13
Calculate (18 - 8 - 4) + -28 - 1 - 7.
-30
What is the value of -17 + 8 + (-55 - -51)?
-13
Calculate 1 + (-2 - -1) + (-5 - 11).
-16
3 + 1 + (403 - 393)
14
13 + (-16 + 6 - -5) + -9
-1
252 - 235 - (6 - 0)
11
Evaluate 7 + -6 + -41 + 17.
-23
Evaluate (-2 - 2) + (14 - -49) + -66.
-7
What is the value of -19 + -30 - -12 - -24?
-13
Evaluate 8 - (11 + (13 - -12) - 8).
-20
Evaluate (-165 - -169) + 20 + -2 + 2 + -5.
19
Evaluate 26 - (-57 + 84) - (36 + -1).
-36
What is the value of -13 + 21 - (-2 + -2 + 6)?
6
What is 1 + 2 + (-54 - (-32 + -19))?
0
What is (17 + -17 - 5) + (7 - 12)?
-10
What is the value of (0 - -2) + 1 + 0 + (1 - -2)?
6
What is the value of (0 - -16 - 9) + (-2 - (1 - 7))?
11
Calculate -133 - -126 - (-3 - 2) - -18.
16
1 + (3 + -2 - (-6 - -11 - 6))
3
7 - (-4 - (-11 - -9))
9
Calculate (9 + -4 - 0) + -97 + 71.
-21
What is the value of (13 - 12) + (-2 - 0 - (-16 - -51))?
-36
(16 - 21) + (-1 - (2 - 1) - 2)
-9
(40 - 51) + 29 + -1
17
What is (3 - -7 - 4) + -1 + -1 + 0?
4
Calculate 18 + -13 + 0 + (12 - 5).
12
Evaluate -254 + 261 + (-2 - 9) - (-29 - -1).
24
Evaluate -3 - 9 - (-1 + -25).
14
What is the value of 3 + (3 - (13 - 27) - 42)?
-22
What is the value of (-16 - -9) + (-6 - (-1 - -1))?
-13
What is -18 - (1044 - 1039 - (0 - (1 - -4)))?
-28
What is the value of (-17 - -16) + (14 - -7) + 10 + -1?
29
Calculate -4 - (-4 - 5) - 7 - -1.
-1
Calculate -3 - 6 - (2 + 3 - (8 + -2)).
-8
Evaluate 30 - ((-14 - -53) + -50).
41
What is 13 - (34 - 29 - -6)?
2
Calculate (-33 + 21 - 12) + (8 - 1).
-17
-2 - -3 - (10 - 0 - (-7 - -10))
-6
Evaluate -7 - (8 + -14 - 6).
5
Evaluate (-5 - (9 - 5)) + (33 - 31).
-7
Calculate 16 - 21 - (1 + (2 + -4 - 6)).
2
Calculate 7 + -3 + 2 - (-25 - -35) - 7.
-11
(69 - 29) + -41 - -20
19
What is the value of 15 - (-5 - (-1 + (-16 - -7)))?
10
What is the value of (-11 - (11 - 26) - -13) + 3?
20
192 - 202 - ((1 - 2) + 3)
-12
Evaluate 5 + (2 - (-6 + -2 + 6)).
9
Evaluate 24 - (5 + -3) - 24.
-2
Evaluate -4 + 24 + (-7 - -7) - 2 - 3.
15
What is the value of -3 + -1 + (-909 - -934)?
21
-1 + -10 + -673 + 676
-8
Evaluate 8 + ((3 - (5 - 2)) + -3 - 24).
-19
What is the value of (16 + -1 + -6 - 1) + -21?
-13
Evaluate (17 - 15) + -9 - (9 - 1).
-15
What is 5 - ((14 - 26) + 17)?
0
(-51 - -25) + -26 + 43
-9
Calculate (-3 + 10 + -2 - -14) + (-16 - -20).
23
(-2 - -5) + -7 + 17 + 6
19
What is -1 - (0 + 34 + 11 + (-14 - 6))?
-26
What is -154 + 164 + (1 - -3 - 17)?
-3
What is the value of (-3 - -1) + 6 + -7 - (-93 + 68)?
22
What is the value of 16 + -36 + 2 + 8?
-10
31 - (-10 - -11 - -56)
-26
What is -11 - (-2 + (-5 + 5 - 0))?
-9
1 - -3 - (-6 + -1 + 3 - -14)
-6
Evaluate (9 - 5 - 19 - -5) + -12.
-22
Evaluate (-9 - -1) + (3 - (-18 - -26) - 12).
-25
-7 + (-74 - -71) + 10 + 0 + -1
-1
Evaluate -35 - (-44 + 5 + 18).
-14
-6 - ((-4 + -2 - -9 - -8) + -5)
-12
What is -15 - (2 + -22) - (-11 - (4 - 7))?
13
What is 19 - (1 + -1 + (5 - (19 - 14)))?
19
Evaluate -8 + 5 + -2 + -9 + (3 - -7).
-4
-2 + (-1 - -12) + 34 + -67
-24
What is 7 + (-6 + -10 - (-4 - (3 - 7)))?
-9
Evaluate (-2 + -9 - -11) + -5 + 4.
-1
77 - 8 - (105 - 57)
21
What is the value of (3 - 9 - (-58 + 9 - -5)) + -4?
34
Evaluate -2 - (-21 + 3) - (102 - 101).
15
Evaluate 8 + -16 + 14 + -16.
-10
Calculate (-12 - -1 - -1) + (-779 - -780).
-9
Calculate -3 + -27 + 17 + -23.
-36
Calculate 2 + 3 + (-8 - (0 - 1)).
-2
What is (5 - 21) + (28 - 35)?
-23
Evaluate 9 - (75 - 44) - 15.
-37
What is 21 - (24 + (12 - 17))?
2
What is 1 + 0 + -6 + (10 - 14)?
-9
(-8 - ((7 - 5) + -1 + -4)) + 27
22
What is -7 + -9 + 31 - -4?
19
Evaluate 2 + -7 - (-21 + 42 - (0 + 11)).
-15
21 - (26 + -15) - 16 - (0 + 17)
-23
What is 4 - (27 - (12 - (7 - 5)))?
-13
What is the value of 4 + 5 - 8 - (-10 + -8)?
19
Calculate -1 + 11 + (-17 - 2 - -1) + 8.
0
-20 + (-17 - -28) - -34
25
(30 - (3 - 0)) + (37 - 39)
25
-19 + 19 + (-8 - -18)
10
What is -6 + (18 - (16 - 18))?
14
Calculate (-7 - ((29 - 23) + (-12 - 2))) + 12.
13
Calculate (3 - (-19 - -14 - (1 - -1))) + -6.
4
Evaluate (12 + -3 - 3) + (-5 - 4) + -6.
-9
(-28 - -24) + -28 + 17
-15
Calculate -8 + -5 + 13 - (5 - (0 - 2)).
-7
0 + -6 + 0 + 1 + 13
8
Calculate 12 - (-7 - (-18 + 0)) - (-5 + 8).
-2
What is the value of (47 - (-11 - -44)) + 12?
26
What is the value of -27 + (10 - (6 + -15)) + 0 + -9?
-17
What is 43 + -26 + 14 - 20?
11
Evaluate -19 + (17 - -29 - -6 - 14).
19
What is the value of 4 + 1 + (10 - 20)?
-5
What is (3 - -27) + -239 + 202?
-7
(15 + -13 + -33 - -12) + 12
-7
-10 + 26 + -3 + (-8 - -2 - 3)
4
What is (-10 - -21) + 5 + (-4 - -6) + -3?
15
What is -110 + 97 - (0 + 2 + -3)?
-12
What is (1 - -3) + 0 + (2 - (0 + 2))?
4
Calculate (2 + 2 - (15 + -18) - 9) + 29.
27
(-16 + 5 + 17 - -2) + -1
7
What is the value of (-3 - -5) + -1 - (0 + -1)?
2
Evaluate 6 - (25 + 14 + -29).
-4
What is 8 - ((-5 - 0) + 6 + (-8 - 4))?
19
What is the value of -11 - (-3 - 12) - 8?
-4
Evaluate (-36 - (33 + -29)) + 17.
-23
Evaluate -3 + (1 - (-2 + 0) - (85 - 85)).
0
Calculate 12 + (8 - (15 - 8)).
13
(2 - 13) + (3 - -3) + -1
-6
What is 7 + 5 + (-6 - 0) + 6 + -30?
-18
-29 + 53 + -19 + -7 + 0
-2
What is 2 + -14 + (61 - (20 - -11))?
18
What is -6 + (11 - (-12 - -10 - -8) - 8)?
-9
What is the value of (-3 - 15) + (30 - 2)?
10
Evaluate (9 - 5 - 14) + 8 + (-19 - 7).
-28
What is the value of -21 - (-15 - 4 - -4)?
-6
0 + (2 + 3 - (0 + 8)) + 6
3
Calculate -18 - 0 - (-9 - -1).
-10
What is 40 + -47 - (7 + -5 + 0 + 2)?
-11
What is 11 + (-29 - 12) + 17?
-13
0 - 3 - 8 - (-39 - -12) - -3
19
9 - ((14 - 3) + -8 + 6)
0
-28 + 7 - -24 - (-4 + 5)
2
Calculate (-2 - 18) + (11 - 4) - -5 - 4.
-12
60 + -66 - (6 - (7 + -6))
-11
Evaluate (-16 - (14 + -13)) + 7.
-10
Evaluate 6 + ((12 - 6) + -3 - 17).
-8
What is (-8 - -12 - -1) + -12 + -26?
-33
What is (-47 - (-36 + 0)) + (-2 - (-46 + 3))?
30
Evaluate (1793 - 1807 - (-13 + 1 + 0)) + 19.
17
Calculate 15 + (-3 - 1) - 22.
-11
2 + (13 - 4) + -7 + 9
13
-86 + 82 + 11 + (0 - 1)
6
Evaluate -2 + -2 - (-24 + 11 + 18).
-9
What is -20 - (-4 - (-15 - -27))?
-4
What is the value of -15 + 19 + -34 + 25?
-5
What is the value of 6 + (8 - 16) + -2 + 15?
11
Calculate 12 - (-2 - (-9 - -21 - 10)).
16
Evaluate (4 - -6) + (7 - 32).
-15
Eva